ided by 8?
7
Suppose -6*o - 50 = -128. Calculate the remainder when 23 is divided by o.
10
Let a(b) = -b**2 - 10*b - 6. Let c be a(-9). Suppose c*f = -f + 32. Calculate the remainder when 23 is divided by f.
7
Let y = -124 + 143. Let r(c) = 2*c**2 + 5*c + 2. What is the remainder when y is divided by r(-3)?
4
Let g(i) = -i**3 + 15*i**2 - 28*i + 9. What is the remainder when g(12) is divided by 27?
24
Calculate the remainder when 38 is divided by 2/(3 - 42/15).
8
Let w(h) = h**2 + 10*h - 15. What is the remainder when 35 is divided by w(-12)?
8
Let r = -17 - -22. Suppose -r*c + 174 = u + 2*u, -2*c + 81 = 5*u. What is the remainder when 129 is divided by c?
30
Let m be (128 - 2) + -1 + 4. Suppose m = -0*j + 3*j. Suppose 3*n = -r + j, -5*n - 5*r - 24 = -79. Calculate the remainder when 30 is divided by n.
14
Suppose -3*p + 6 = -p. Calculate the remainder when 11 is divided by (-23)/(-4) - p/(-12).
5
Suppose -3*q + 162 = 6*q. Calculate the remainder when 36 is divided by q.
0
Suppose -35 = 5*y + 5*d, 3*d = y - d - 18. Calculate the remainder when 64/12*(-6)/y is divided by 9.
7
Let g(w) = w**3 + w**2 - 4*w + 3. Let s = -1 - -3. Let h(u) = u**3 - 5*u**2 + 4*u - 7. Calculate the remainder when h(5) is divided by g(s).
6
Suppose -r = 2*r - 102. What is the remainder when r is divided by 9?
7
Calculate the remainder when (-187)/(-2) - (-2)/4 is divided by (-5)/((115/(-24))/23).
22
Let y be ((-2 - 9) + -3)/(-2). Let x = y - 7. Let b(d) = -d + 61. Calculate the remainder when b(x) is divided by 16.
13
Let i = 4 + -9. Let m = 2 + i. Let g = 5 + m. What is the remainder when g is divided by 2?
0
Let w be ((-2)/(-3) - 1)*-9. Suppose -2*s = w*s - 100. Suppose 0 = 3*v + 3*f - 19 + 1, 5*v = -f + 50. What is the remainder when s is divided by v?
9
Let t = -12 + 77. Calculate the remainder when t is divided by 23.
19
Let n = -50 - -105. Calculate the remainder when n is divided by 14.
13
Let g(f) = -6*f - 6. Suppose 2*c = 4*c - 3*n - 37, -3*c + 3*n = -54. What is the remainder when c is divided by g(-2)?
5
Suppose j + 2 = 5. Suppose 11 - 32 = -j*r. Let g = 18 - r. Calculate the remainder when g is divided by 7.
4
Suppose -3*z - 2*z = 30. Let r = z + 18. Calculate the remainder when 21 is divided by r.
9
Let a = 64 + -7. Calculate the remainder when a is divided by 30.
27
Suppose 35 + 33 = 4*u. Let c(a) = 11*a. What is the remainder when c(6) is divided by u?
15
Suppose 0 = -5*q - 5*o + 100, -3*q - o = o - 60. Calculate the remainder when 99 is divided by q.
19
What is the remainder when (-394)/(-12) - (-3)/18 is divided by 13 - -1 - 0 - 2?
9
Let k(l) = l + 1. Let h be k(4). Suppose 20 - 115 = -h*a. What is the remainder when a is divided by -1 + 0 + 1 - -7?
5
Let x(c) = -c**3 + 6*c**2 - c + 4. Let f be x(6). Let w = -25 - -1. Let t = f - w. What is the remainder when t is divided by 12?
10
Suppose 0 = 3*j + j - 16. Let c = j + 5. What is the remainder when (-24 + 4)*(-4)/5 is divided by c?
7
Calculate the remainder when (35/(-15))/(3/(-63)) is divided by 26.
23
Let i = 1 - 1. Suppose -27 = 3*s - 6*s. Suppose i = -2*y + 19 + s. What is the remainder when y is divided by 8?
6
Suppose -4*t - 52 - 24 = -3*v, 3*t = 15. Suppose 0 = -p - 0*p + 126. Calculate the remainder when p is divided by v.
30
Let d(l) be the second derivative of 73*l**4/12 + l**2/2 + 4*l. What is the remainder when d(1) is divided by 19?
17
Suppose 53*c - 510 = 23*c. Let r(o) = 2*o - 6. Let h be r(4). Suppose -2*w + h*j + 64 = -44, 5*j - 171 = -4*w. What is the remainder when w is divided by c?
15
Let g(q) = 146*q + 19. What is the remainder when g(2) is divided by 12?
11
Let r be (-10)/20 + (-1)/(-2). Suppose v + 2*v - 33 = r. What is the remainder when v is divided by 6?
5
Suppose 2*l - 56 = -2*l. Let o = l + 13. Calculate the remainder when o is divided by 10.
7
Suppose 7*v - 23 = 33. What is the remainder when 22 is divided by v?
6
Let c = 4 - 4. Suppose -3*z - 12 + 177 = c. Calculate the remainder when z is divided by 28.
27
Suppose -2*w + 3*p + 15 = 0, 4*p = -2*w + 1 + 7. Suppose 0 = -0*j - 3*j - 3. What is the remainder when 2/((-3)/w*j) is divided by 3?
1
Suppose 30 + 94 = 4*d - 3*j, -5*d + 2*j = -148. Calculate the remainder when d is divided by 16.
12
Let t(l) = -l**3 + 6*l**2 + l + 4. Let k(q) = -q**3 - 5*q**2 - 6*q - 4. What is the remainder when t(6) is divided by k(-4)?
2
Let d be -2 + 1*(-3 + 107). Suppose 0 = -4*y + d + 14. What is the remainder when y is divided by 10?
9
Suppose 5*t = 53 + 132. What is the remainder when t is divided by 4/2 + (-16)/(-2)?
7
Let b(i) = -i**2 - 5*i + 3. Let z be (4/10)/(-1)*15. Let v be b(z). Let w(g) = -2*g**3 - 4*g**2 - 2*g + 3. Calculate the remainder when w(v) is divided by 15.
12
Calculate the remainder when 58 is divided by 1/(((-2)/30)/(-1)).
13
Let y(u) = u + 23. Let d(p) = 32*p**2 - 1. Suppose -4 = h - 3. Calculate the remainder when d(h) is divided by y(-6).
14
Let r be 2/3 + (-670)/(-3). Suppose -2*f - 2*f = -r. Suppose -5*w + f = -3*w. Calculate the remainder when w is divided by 15.
13
Let t(w) be the first derivative of w**4/4 + 2*w**3/3 + w**2 - 2*w + 4. What is the remainder when 35 is divided by t(2)?
17
Let r(c) = c - 10. Let y(n) = n - 10. Let l(v) = 3*r(v) - 4*y(v). Let x(p) = -15*p**3 - p. What is the remainder when x(-1) is divided by l(4)?
4
Suppose -115 = -10*j + 5*j. What is the remainder when 64 is divided by j?
18
Let j be (-96)/56 - (-4)/(-14). Let i be 10*j*9/12. Calculate the remainder when i/2*(-280)/30 is divided by 24.
22
Suppose m + c = 14, -8*c = 2*m - 3*c - 13. Calculate the remainder when 36 is divided by m.
17
Let f be ((-2)/(-4))/((-2)/(-84)). Let o = f - 20. What is the remainder when 2 is divided by o?
0
Suppose 0 = 8*v - 4*v - 84. What is the remainder when v is divided by 2?
1
Let x(v) = 5*v - 12. Let n = 226 + -159. Calculate the remainder when n is divided by x(7).
21
Let j(g) = g + 12. Let n be j(-8). Suppose 0 = q - 4*r - 35, -4*q - n*r + 153 = -q. Calculate the remainder when q is divided by 12.
11
Suppose w = -3 + 6. Suppose 2*h - 105 = -5*d, 3*d + w + 142 = 4*h. Calculate the remainder when h is divided by 14.
12
Suppose 4*n - 14 - 6 = 0. Suppose 0 = -i + 4 + 2. Let t = i - -7. Calculate the remainder when t is divided by n.
3
Calculate the remainder when 47 is divided by 16 - 4/(-3)*-3.
11
Let j(s) = -2*s. Let m be j(-2). Calculate the remainder when 5 is divided by (-7 - -5)*(-6)/m.
2
Suppose 2*v = 3*v - 7. Calculate the remainder when 39 is divided by v.
4
Let x(q) = q**2 - 7*q - 3. What is the remainder when x(9) is divided by 9?
6
Suppose -18 - 34 = -4*t. Calculate the remainder when 36 is divided by t.
10
Let y(u) = -u**3 + u + 2. Let a be y(2). Let g(p) = -p - 2. What is the remainder when -3*a/6 - -8 is divided by g(-8)?
4
Suppose 4*y + y + 5 = 0, 2*j + 4*y - 8 = 0. Let l = 10 - 7. Suppose 40 = 5*w - l*p, -4*w - 2*p + 34 = -4*p. Calculate the remainder when w is divided by j.
5
What is the remainder when 5*4/((-8)/(-38)) is divided by 12?
11
Let y(j) = -3*j - 5. Let g be y(-7). Calculate the remainder when (-132)/g*(-8)/3 is divided by 8.
6
Let l be 60/1 + (-2)/(-1). Let d = 2 + l. Suppose -5*f + 2*x + 49 = 0, -d = -5*f - x - 2*x. What is the remainder when 21 is divided by f?
10
Let g = 8 + -3. Suppose 2*a - 7 = -c, -g*c - 2*a + 32 = 5. Suppose c*o + 15 = q, q - 4*o - 19 = -3*o. What is the remainder when q is divided by 7?
6
What is the remainder when ((-99)/(-6))/((-12)/(-32)) is divided by 18?
8
Let h(q) = -4*q - 2. Let y(n) = n**3 + 9*n**2 + 8*n + 7. Let o be y(-8). Suppose 0 = -o*f + 3*f - 8. What is the remainder when 23 is divided by h(f)?
5
Suppose 0 = 2*o + 2*o + 3*d - 17, 25 = -5*d. Suppose -5*f - 2*v = -153, -7 - 60 = -3*f + 5*v. Calculate the remainder when f is divided by o.
5
What is the remainder when 116/((14 + -15)/(1/(-2))) is divided by 20?
18
Suppose 0 = 5*c + 2*u - 50, -3*c + 7 = -2*c + u. Suppose -46 = -0*h - 2*h. Calculate the remainder when h is divided by c.
11
Suppose 0 = -2*s + 2, -s + 295 = 4*n + 22. Let g = n + -48. What is the remainder when g is divided by 11?
9
Suppose 4*w - 4*y - 43 = 81, 2*w - y = 59. Let v(i) = 8*i - 17. Calculate the remainder when w is divided by v(4).
13
Suppose 37 = 3*v - 113. Suppose -5*q - 1 + 6 = 0. Let w(s) = 14*s**3 - s**2 + 